{"id":97,"date":"2024-04-17T19:54:11","date_gmt":"2024-04-17T19:54:11","guid":{"rendered":"https:\/\/ukrkonfzagreb24.ffzg.unizg.hr\/?page_id=97"},"modified":"2024-09-06T23:05:53","modified_gmt":"2024-09-06T21:05:53","slug":"programski-odbor","status":"publish","type":"page","link":"https:\/\/ukrkonfzagreb24.ffzg.unizg.hr\/?page_id=97","title":{"rendered":"Programski odbor"},"content":{"rendered":"\n<p>Oksana Timko \u0110itko, voditeljica, Hrvatska, Sveu\u010dili\u0161te u Zagrebu<\/p>\n\n\n\n<p>Milenko Popovi\u0107,&nbsp;prof. emeritus, po\u010dasni \u010dlan, Hrvatska, Filozofski fakultet u Zagrebu<\/p>\n\n\n\n<p>Igor Nabytovy\u010d, Sveu\u010dili\u0161te Drogobych, Ukrajina<\/p>\n\n\n\n<p>Katarzyna Jakubowska-Krawczyk, Sveu\u010dili\u0161te u Var\u0161avi, Poljska<\/p>\n\n\n\n<p>Liubov Frolak, Sveu\u010dili\u0161te u Lublinu, Poljska<\/p>\n\n\n\n<p>Alla Tatarenko, Sveu\u010dili\u0161te Ivan Franko u Lavovu, Ukrajina<\/p>\n\n\n\n<p>Julija Jusyp-Jakymovy\u010d, Sveu\u010dili\u0161te u U\u017egorodu, Ukrajina<\/p>\n\n\n\n<p>Galyna Sikora ,\u00a0Institut ukrajinskog jezika Nacionalne akademije znanosti u Kijevu, Ukrajina<\/p>\n\n\n\n<p>Oleg Belej, Sveu\u010dili\u0161te u Wroclavu, Poljska<\/p>\n\n\n\n<p>Ivane Mchedeladze, Gruzija, Sveu\u010dili\u0161te Ivane Javakhishvili u Tbilisiju<\/p>\n\n\n\n<p>Nino Naskidashvili, Gruzija, Ivane Javakhishvili u Tbilisiju<strong>&nbsp;<\/strong><\/p>\n","protected":false},"excerpt":{"rendered":"<p>Oksana Timko \u0110itko, voditeljica, Hrvatska, Sveu\u010dili\u0161te u Zagrebu Milenko Popovi\u0107,&nbsp;prof. emeritus, po\u010dasni \u010dlan, Hrvatska, Filozofski fakultet u Zagrebu Igor Nabytovy\u010d, Sveu\u010dili\u0161te Drogobych, Ukrajina Katarzyna Jakubowska-Krawczyk, Sveu\u010dili\u0161te u Var\u0161avi, Poljska Liubov Frolak, Sveu\u010dili\u0161te u Lublinu, Poljska Alla Tatarenko, Sveu\u010dili\u0161te Ivan Franko u Lavovu, Ukrajina Julija Jusyp-Jakymovy\u010d, Sveu\u010dili\u0161te u U\u017egorodu, Ukrajina Galyna Sikora ,\u00a0Institut ukrajinskog jezika Nacionalne &hellip; <\/p>\n<p class=\"link-more\"><a href=\"https:\/\/ukrkonfzagreb24.ffzg.unizg.hr\/?page_id=97\" class=\"more-link\">Nastavi \u010ditati<span class=\"screen-reader-text\"> &#8220;Programski odbor&#8221;<\/span><\/a><\/p>\n","protected":false},"author":1,"featured_media":0,"parent":0,"menu_order":0,"comment_status":"closed","ping_status":"closed","template":"","meta":{"footnotes":""},"class_list":["post-97","page","type-page","status-publish","hentry"],"_links":{"self":[{"href":"https:\/\/ukrkonfzagreb24.ffzg.unizg.hr\/index.php?rest_route=\/wp\/v2\/pages\/97","targetHints":{"allow":["GET"]}}],"collection":[{"href":"https:\/\/ukrkonfzagreb24.ffzg.unizg.hr\/index.php?rest_route=\/wp\/v2\/pages"}],"about":[{"href":"https:\/\/ukrkonfzagreb24.ffzg.unizg.hr\/index.php?rest_route=\/wp\/v2\/types\/page"}],"author":[{"embeddable":true,"href":"https:\/\/ukrkonfzagreb24.ffzg.unizg.hr\/index.php?rest_route=\/wp\/v2\/users\/1"}],"replies":[{"embeddable":true,"href":"https:\/\/ukrkonfzagreb24.ffzg.unizg.hr\/index.php?rest_route=%2Fwp%2Fv2%2Fcomments&post=97"}],"version-history":[{"count":9,"href":"https:\/\/ukrkonfzagreb24.ffzg.unizg.hr\/index.php?rest_route=\/wp\/v2\/pages\/97\/revisions"}],"predecessor-version":[{"id":485,"href":"https:\/\/ukrkonfzagreb24.ffzg.unizg.hr\/index.php?rest_route=\/wp\/v2\/pages\/97\/revisions\/485"}],"wp:attachment":[{"href":"https:\/\/ukrkonfzagreb24.ffzg.unizg.hr\/index.php?rest_route=%2Fwp%2Fv2%2Fmedia&parent=97"}],"curies":[{"name":"wp","href":"https:\/\/api.w.org\/{rel}","templated":true}]}}

<p>Oksana Timko Đitko, voditeljica, Hrvatska, Sveučilište u Zagrebu</p>



<p>Milenko Popović,&nbsp;prof. emeritus, počasni član, Hrvatska, Filozofski fakultet u Zagrebu</p>



<p>Igor Nabytovyč, Sveučilište Drogobych, Ukrajina</p>



<p>Katarzyna Jakubowska-Krawczyk, Sveučilište u Varšavi, Poljska</p>



<p>Liubov Frolak, Sveučilište u Lublinu, Poljska</p>



<p>Alla Tatarenko, Sveučilište Ivan Franko u Lavovu, Ukrajina</p>



<p>Julija Jusyp-Jakymovyč, Sveučilište u Užgorodu, Ukrajina</p>



<p>Galyna Sikora , Institut ukrajinskog jezika Nacionalne akademije znanosti u Kijevu, Ukrajina</p>



<p>Oleg Belej, Sveučilište u Wroclavu, Poljska</p>



<p>Ivane Mchedeladze, Gruzija, Sveučilište Ivane Javakhishvili u Tbilisiju</p>



<p>Nino Naskidashvili, Gruzija, Ivane Javakhishvili u Tbilisiju<strong>&nbsp;</strong></p>

<p>Oksana Timko Đitko, voditeljica, Hrvatska, Sveučilište u Zagrebu Milenko Popović,&nbsp;prof. emeritus, počasni član, Hrvatska, Filozofski fakultet u Zagrebu Igor Nabytovyč, Sveučilište Drogobych, Ukrajina Katarzyna Jakubowska-Krawczyk, Sveučilište u Varšavi, Poljska Liubov Frolak, Sveučilište u Lublinu, Poljska Alla Tatarenko, Sveučilište Ivan Franko u Lavovu, Ukrajina Julija Jusyp-Jakymovyč, Sveučilište u Užgorodu, Ukrajina Galyna Sikora , Institut ukrajinskog jezika Nacionalne &hellip; </p>
<p class="link-more"><a href="https://ukrkonfzagreb24.ffzg.unizg.hr/?page_id=97" class="more-link">Nastavi čitati<span class="screen-reader-text"> &#8220;Programski odbor&#8221;</span></a></p>
